313
What is 16c3d (base 16) in base 7?
535565
Convert -12017253 (base 8) to base 2.
-1010000001111010101011
What is -6665252 (base 7) in base 13?
-22a7a1
Convert -50adec (base 15) to base 12.
-134a750
-1641323 (base 7) to base 9
-377522
What is 1986790 (base 13) in base 3?
120211100021221
Convert 20221112001 (base 3) to base 9.
227461
Convert -58889 (base 10) to base 11.
-40276
46923 (base 13) to base 14
35008
What is 196118 (base 10) in base 13?
6b360
What is -558b (base 12) in base 4?
-2103323
Convert -14a391 (base 11) to base 2.
-111000111110101100
What is 113232321 (base 4) in base 14?
275d7
110010110011111101 (base 2) to base 11
132405
212013413 (base 5) to base 4
3121231111
Convert -1c173 (base 16) to base 11.
-7949a
What is -24056045 (base 9) in base 15?
-106a382
Convert -4235542 (base 6) to base 5.
-23113400
468742 (base 11) to base 3
1101210000102
18b66a8 (base 12) to base 10
5216096
What is 1911617 (base 10) in base 16?
1d2b41
Convert 769868 (base 10) to base 15.
103198
Convert -140324333 (base 5) to base 8.
-2563147
1a29a19 (base 11) to base 6
201222242
What is -31044434 (base 6) in base 13?
-253417
What is 55163563 (base 7) in base 13?
c9ba55
Convert 6207ca (base 13) to base 11.
1321750
12004401 (base 5) to base 8
326630
What is -39caa (base 13) in base 5?
-11420444
What is 30322212200 (base 4) in base 10?
3385760
Convert 3abdd8 (base 16) to base 14.
722d3a
Convert -41484 (base 10) to base 4.
-22020030
What is 114251142 (base 6) in base 16?
2116a6
What is -947589 (base 11) in base 10?
-1518042
What is -669147 (base 10) in base 6?
-22201523
What is -3518862 (base 9) in base 10?
-1902665
41223443 (base 5) to base 10
336123
Convert 3a53781 (base 12) to base 7.
200140444
What is -101100011011100110101 (base 2) in base 8?
-5433465
-2346644 (base 7) to base 15
-5d322
Convert -13112033 (base 5) to base 7.
-1045101
a97a7 (base 11) to base 8
467171
103533605 (base 7) to base 13
1395956
What is ba473 (base 13) in base 4?
1102100033
What is 126b58 (base 12) in base 5?
34133244
226482 (base 9) to base 4
201030320
166396 (base 11) to base 3
111002000112
-2164950 (base 10) to base 8
-10204326
-13446b (base 16) to base 12
-50a88b
What is 30200101330 (base 4) in base 5?
1314343243
Convert 10011100110010000010011 (base 2) to base 4.
103212100103
What is -104014442 (base 5) in base 7?
-3601462
Convert -135066 (base 9) to base 7.
-462225
Convert 2021021000 (base 3) to base 12.
21a16
What is c8234 (base 15) in base 13?
193051
-30021123031 (base 4) to base 15
-42d78d
-4315502 (base 9) to base 12
-936a18
What is -18b09b (base 13) in base 14?
-12360c
What is -46165 (base 12) in base 7?
-536456
Convert 226505551 (base 7) to base 16.
d524e5
What is -8301301 (base 9) in base 2?
-10000111001011101010000
What is -2522141 (base 7) in base 16?
-4f523
What is -74860 (base 16) in base 2?
-1110100100001100000
What is 138143 (base 10) in base 12?
67b3b
11110010010001011 (base 2) to base 10
124043
2243420 (base 6) to base 11
79321
-28569 (base 15) to base 8
-374702
Convert 48699 (base 11) to base 14.
1b754
What is 1a89177 (base 11) in base 5?
1344331013
What is -1305633 (base 11) in base 10?
-2262131
Convert 20011110120020 (base 3) to base 13.
8a94a4
What is 343021000 (base 5) in base 6?
52503253
Convert 15221852 (base 9) to base 7.
121240121
Convert -1101101110010111111100 (base 2) to base 16.
-36e5fc
Convert 19473 (base 13) to base 8.
137720
-11110101100011111111 (base 2) to base 3
-1220002201201
What is 101001001000101101 (base 2) in base 12?
81611
-10001010010011110 (base 2) to base 8
-212236
4203325 (base 6) to base 9
338348
Convert -44619 (base 12) to base 4.
-112021311
3c25b8 (base 13) to base 10
1462001
What is -246455 (base 8) in base 3?
-11100000000
-4125252 (base 6) to base 16
-30620
What is -102456a (base 11) in base 12?
-731768
Convert -334231424 (base 5) to base 8.
-5504772
What is 2121144032 (base 5) in base 13?
c08a86
What is -5140531 (base 7) in base 4?
-2112020023
2b4383 (base 13) to base 7
12030223
What is -1292 (base 12) in base 15?
-96b
Convert -102020012021 (base 3) to base 7.
-1610254
-241402353 (base 6) to base 3
-22120112110020
What is 22102 (base 13) in base 11?
4238a
Convert 1001011100000010010 (base 2) to base 4.
1023200102
What is -11223347 (base 8) in base 16?
-2526e7
What is -12404222 (base 5) in base 13?
-43963
Convert 1141315133 (base 6) to base 8.
61313741
Convert 2820c (base 13) to base 5.
4400143
What is 531454 (base 6) in base 4?
22202122
Convert 75eb08 (base 15) to base 7.
65520263
What is 23203103 (base 4) in base 3?
2101220102
What is -1000324 (base 9) in base 14?
-dbab0
What is -68073 (base 11) in base 15?
-1e319
Convert -12413130 (base 5) to base 7.
-1021232
100022211210 (base 3) to base 11
115a34
What is -20045526 (base 8) in base 5?
-2034313330
2843ab7 (base 13) to base 15
11bbbac
Convert 102031330320 (base 4) to base 16.
48df38
Convert -1152450 (base 6) to base 7.
-344232
Convert -1110010110101000 (base 2) to base 16.
-e5a8
bd60d (base 14) to base 7
3622316
Convert -101212120221220 (base 3) to base 12.
-1b28229
What is -154024 (base 11) in base 4?
-322133312
Convert 100112211001000 (base 3) to base 8.
23267244
3577bbb (base 12) to base 6
1010023555
What is 13745352 (base 8) in base 16?
2fcaea
What is 244132405 (base 7) in base 4?
322130003203
What is -17615a (base 11) in base 10?
-271710
-149957 (base 10) to base 7
-1163123
-1212100021 (base 3) to base 15
-ad1a
-1514554 (base 8) to base 9
-728236
What is -7d764 (base 16) in base 2?
-1111101011101100100
Convert 275014 (base 8) to base 4.
113220030
What is 48188 (base 10) in base 5?
3020223
30760 (base 16) to base 4
300131200
-57810 (base 12) to base 6
-2301220
265244 (base 8) to base 12
45884
What is -11202201100 (base 3) in base 9?
-152640
-12553105 (base 7) to base 14
-2213ac
Convert -2021431432 (base 5) to base 3.
-21200221012001
1001011110000101111100 (base 2) to base 10
2482556
11203131311 (base 4) to base 14
29c873
What is 123343520 (base 6) in base 12?
981ba0
-1501421 (base 7) to base 14
-539b8
Convert 320136 (base 8) to base 11.
730a0
-10110010111011100 (base 2) to base 10
-91612
What is 280c398 (base 13) in base 11?
7160941
What is 234644 (base 7) in base 8?
123023
What is -5a0b5 (base 13) in base 16?
-2843b
What is -3102001112 (base 5) in base 12?
-212b0a7
-235815 (base 10) to base 9
-388426
1108fd (base 16) to base 15
170bc8
Convert -135443233 (base 6) to base 13.
-768a3b
-30110220 (base 4) to base 15
-ee4c
-15237464 (base 8) to base 12
-1203530
Convert 323222120322 (base 4) to base 7.
246640011
What is -34406425 (base 7) in base 16?
-2df0a6
What is 211211011 (base 3) in base 4?
10003330
-211200 (base 5) to base 13
-3294
252dcc (base 15) to base 13
4a4cb1
What is -1c7a8b (base 13) in base 16?
-b2849
What is 4144133022 (base 5) in base 6?
503550252
What is 120220012 (base 5) in base 6?
15514330
Convert -43055224 (base 6) to base 13.
-354b23
-1247316 (base 9) to base 5
-133244034
Convert -20010021000 (base 3) to base 2.
-11101011010011010
What is -26c77b6 (base 13) in base 6?
-1114210243
What is -1432154 (base 7) in base 4?
-233011112
What is -10a750 (base 11) in base 6?
-3431223
22122011222 (base 3) to base 5
20414431
What is -1531213 (base 13) in base 6?
-401045324
What is -11011220210 (base 4) in base 10?
-1333796
100111111000011110 (base 2) to base 6
3300142
10111010110100111001100 (base 2) to base 8
27264714
125460 (base 7) to base 12
11776
What is -12012232 (base 4) in base 14?
-9182
Convert 6ab2 (base 12) to base 8.
27246
What is 10622316 (base 8) in base 4?
20302103032
Convert -166d8c (base 15) to base 9.
-2035266
Convert -1892462 (base 13) to base 16.
-7af9d8
Convert -2a71b (base 15) to base 12.
-67075
What is 111041552 (base 8) in base 13?
3c781bc
Convert 73095 (base 11) to base 14.
2abb2
Convert -2122111 (base 4) to base 16.
-2695
What is -130223445 (base 6) in base 3?
-11202222000102
22014157 (base 8) to base 12
16ba353
What is -5651655 (base 7) in base 14?
-143a65
What is 386442 (base 9) in base 12?
b376b
What is 100202021 (base 4) in base 8?
204211
-11744453 (base 8) to base 12
-a58ab7
What is 685ab (base 12) in base 5?
13422331
14554440 (base 7) to base 8
5236237
What is 83841 (base 9) in base 2?
1101100001000000
What is 162023 (base 9) in base